[INFO] cloning repository https://github.com/code-ape/lmdbrs_segfault
[INFO] running `Command { std: "git" "-c" "credential.helper=" "-c" "credential.helper=/workspace/cargo-home/bin/git-credential-null" "clone" "--bare" "https://github.com/code-ape/lmdbrs_segfault" "/workspace/cache/git-repos/https%3A%2F%2Fgithub.com%2Fcode-ape%2Flmdbrs_segfault", kill_on_drop: false }`
[INFO] [stderr] Cloning into bare repository '/workspace/cache/git-repos/https%3A%2F%2Fgithub.com%2Fcode-ape%2Flmdbrs_segfault'...
[INFO] running `Command { std: "git" "rev-parse" "HEAD", kill_on_drop: false }`
[INFO] [stdout] 93438bf2e040a0181750dc626290af29140872c6
[INFO] building code-ape/lmdbrs_segfault against master#881c1ac408d93bb7adaa3a51dabab9266e82eee8 for issue-85264
[INFO] running `Command { std: "git" "clone" "/workspace/cache/git-repos/https%3A%2F%2Fgithub.com%2Fcode-ape%2Flmdbrs_segfault" "/workspace/builds/worker-4/source", kill_on_drop: false }`
[INFO] [stderr] Cloning into '/workspace/builds/worker-4/source'...
[INFO] [stderr] done.
[INFO] validating manifest of git repo https://github.com/code-ape/lmdbrs_segfault on toolchain 881c1ac408d93bb7adaa3a51dabab9266e82eee8
[INFO] running `Command { std: "/workspace/cargo-home/bin/cargo" "+881c1ac408d93bb7adaa3a51dabab9266e82eee8" "metadata" "--manifest-path" "Cargo.toml" "--no-deps", kill_on_drop: false }`
[INFO] started tweaking git repo https://github.com/code-ape/lmdbrs_segfault
[INFO] finished tweaking git repo https://github.com/code-ape/lmdbrs_segfault
[INFO] tweaked toml for git repo https://github.com/code-ape/lmdbrs_segfault written to /workspace/builds/worker-4/source/Cargo.toml
[INFO] crate git repo https://github.com/code-ape/lmdbrs_segfault already has a lockfile, it will not be regenerated
[INFO] running `Command { std: "/workspace/cargo-home/bin/cargo" "+881c1ac408d93bb7adaa3a51dabab9266e82eee8" "fetch" "--manifest-path" "Cargo.toml", kill_on_drop: false }`
[INFO] [stderr]  Downloading crates ...
[INFO] [stderr]   Downloaded memchr v0.1.10
[INFO] [stderr]   Downloaded env_logger v0.3.2
[INFO] [stderr]   Downloaded regex v0.1.52
[INFO] [stderr]   Downloaded aho-corasick v0.5.1
[INFO] [stderr]   Downloaded regex-syntax v0.2.3
[INFO] [stderr]   Downloaded lmdb-rs v0.6.0
[INFO] [stderr]   Downloaded liblmdb-sys v0.1.8
[INFO] running `Command { std: "docker" "create" "-v" "/var/lib/crater-agent-workspace/builds/worker-4/target:/opt/rustwide/target:rw,Z" "-v" "/var/lib/crater-agent-workspace/builds/worker-4/source:/opt/rustwide/workdir:ro,Z" "-v" "/var/lib/crater-agent-workspace/cargo-home:/opt/rustwide/cargo-home:ro,Z" "-v" "/var/lib/crater-agent-workspace/rustup-home:/opt/rustwide/rustup-home:ro,Z" "-e" "SOURCE_DIR=/opt/rustwide/workdir" "-e" "CARGO_TARGET_DIR=/opt/rustwide/target" "-e" "CARGO_HOME=/opt/rustwide/cargo-home" "-e" "RUSTUP_HOME=/opt/rustwide/rustup-home" "-w" "/opt/rustwide/workdir" "-m" "1610612736" "--user" "0:0" "--network" "none" "ghcr.io/rust-lang/crates-build-env/linux@sha256:20528e8c29e4536546f0102ce88568b16ea7538393a33fcca951030f7af10457" "/opt/rustwide/cargo-home/bin/cargo" "+881c1ac408d93bb7adaa3a51dabab9266e82eee8" "metadata" "--no-deps" "--format-version=1", kill_on_drop: false }`
[INFO] [stdout] 98b317c17776ee9b040082fb30aa3906da78ae94fa9b4ff61b0be9b0b1c72149
[INFO] [stderr] WARNING: Your kernel does not support swap limit capabilities or the cgroup is not mounted. Memory limited without swap.
[INFO] running `Command { std: "docker" "start" "-a" "98b317c17776ee9b040082fb30aa3906da78ae94fa9b4ff61b0be9b0b1c72149", kill_on_drop: false }`
[INFO] running `Command { std: "docker" "inspect" "98b317c17776ee9b040082fb30aa3906da78ae94fa9b4ff61b0be9b0b1c72149", kill_on_drop: false }`
[INFO] running `Command { std: "docker" "rm" "-f" "98b317c17776ee9b040082fb30aa3906da78ae94fa9b4ff61b0be9b0b1c72149", kill_on_drop: false }`
[INFO] [stdout] 98b317c17776ee9b040082fb30aa3906da78ae94fa9b4ff61b0be9b0b1c72149
[INFO] running `Command { std: "docker" "create" "-v" "/var/lib/crater-agent-workspace/builds/worker-4/target:/opt/rustwide/target:rw,Z" "-v" "/var/lib/crater-agent-workspace/builds/worker-4/source:/opt/rustwide/workdir:ro,Z" "-v" "/var/lib/crater-agent-workspace/cargo-home:/opt/rustwide/cargo-home:ro,Z" "-v" "/var/lib/crater-agent-workspace/rustup-home:/opt/rustwide/rustup-home:ro,Z" "-e" "SOURCE_DIR=/opt/rustwide/workdir" "-e" "CARGO_TARGET_DIR=/opt/rustwide/target" "-e" "CARGO_INCREMENTAL=0" "-e" "RUST_BACKTRACE=full" "-e" "RUSTFLAGS=--cap-lints=forbid" "-e" "CARGO_HOME=/opt/rustwide/cargo-home" "-e" "RUSTUP_HOME=/opt/rustwide/rustup-home" "-w" "/opt/rustwide/workdir" "-m" "1610612736" "--user" "0:0" "--network" "none" "ghcr.io/rust-lang/crates-build-env/linux@sha256:20528e8c29e4536546f0102ce88568b16ea7538393a33fcca951030f7af10457" "/opt/rustwide/cargo-home/bin/cargo" "+881c1ac408d93bb7adaa3a51dabab9266e82eee8" "build" "--frozen" "--message-format=json", kill_on_drop: false }`
[INFO] [stderr] WARNING: Your kernel does not support swap limit capabilities or the cgroup is not mounted. Memory limited without swap.
[INFO] [stdout] 60ca5094c1dcfbb75a811816e21943e25f9e23ffc1210f86aed6d2368f870bdb
[INFO] running `Command { std: "docker" "start" "-a" "60ca5094c1dcfbb75a811816e21943e25f9e23ffc1210f86aed6d2368f870bdb", kill_on_drop: false }`
[INFO] [stderr]    Compiling libc v0.2.7
[INFO] [stderr]    Compiling winapi-build v0.1.1
[INFO] [stderr]    Compiling liblmdb-sys v0.1.8
[INFO] [stderr]    Compiling regex-syntax v0.2.3
[INFO] [stderr]    Compiling winapi v0.2.5
[INFO] [stderr]    Compiling bitflags v0.3.3
[INFO] [stderr]    Compiling rustc-serialize v0.3.18
[INFO] [stdout] error[E0642]: patterns aren't allowed in functions without bodies
[INFO] [stdout]    --> /opt/rustwide/cargo-home/registry/src/github.com-1ecc6299db9ec823/rustc-serialize-0.3.18/src/serialize.rs:145:45
[INFO] [stdout]     |
[INFO] [stdout] 145 | ...                   &f_name: &str,
[INFO] [stdout]     |                       ^^^^^^^ pattern not allowed in function without body
[INFO] [stdout] 
[INFO] [stdout] 
[INFO] [stderr]    Compiling kernel32-sys v0.2.1
[INFO] [stderr]    Compiling memchr v0.1.10
[INFO] [stderr]    Compiling log v0.3.5
[INFO] [stderr]    Compiling aho-corasick v0.5.1
[INFO] [stderr] error: failed to run custom build command for `liblmdb-sys v0.1.8`
[INFO] [stderr] 
[INFO] [stderr] Caused by:
[INFO] [stderr]   process didn't exit successfully: `/opt/rustwide/target/debug/build/liblmdb-sys-648d9c6460e204a0/build-script-build` (exit status: 101)
[INFO] [stderr]   --- stdout
[INFO] [stderr]   running: "make" "-C" "/opt/rustwide/cargo-home/registry/src/github.com-1ecc6299db9ec823/liblmdb-sys-0.1.8/mdb/libraries/liblmdb" "clean"
[INFO] [stderr]   make: Entering directory '/opt/rustwide/cargo-home/registry/src/github.com-1ecc6299db9ec823/liblmdb-sys-0.1.8/mdb/libraries/liblmdb'
[INFO] [stderr]   rm -rf mdb_stat mdb_copy mdb_dump mdb_load mtest mtest2 mtest3 mtest4 mtest5 *.[ao] *.[ls]o *~ testdb
[INFO] [stderr]   make: Leaving directory '/opt/rustwide/cargo-home/registry/src/github.com-1ecc6299db9ec823/liblmdb-sys-0.1.8/mdb/libraries/liblmdb'
[INFO] [stderr] 
[INFO] [stderr]   --- stderr
[INFO] [stderr]   rm: cannot remove 'liblmdb.a': Read-only file system
[INFO] [stderr]   rm: cannot remove 'mdb.o': Read-only file system
[INFO] [stderr]   rm: cannot remove 'midl.o': Read-only file system
[INFO] [stderr]   make: *** [Makefile:45: clean] Error 1
[INFO] [stderr]   thread 'main' panicked at 'assertion failed: res', /opt/rustwide/cargo-home/registry/src/github.com-1ecc6299db9ec823/liblmdb-sys-0.1.8/build.rs:14:5
[INFO] [stderr]   stack backtrace:
[INFO] [stderr]      0:     0x5584da094ac0 - std::backtrace_rs::backtrace::libunwind::trace::hdcf4f90f85129e83
[INFO] [stderr]                                  at /rustc/881c1ac408d93bb7adaa3a51dabab9266e82eee8/library/std/src/../../backtrace/src/backtrace/libunwind.rs:90:5
[INFO] [stderr]      1:     0x5584da094ac0 - std::backtrace_rs::backtrace::trace_unsynchronized::h2669e30cb82f6732
[INFO] [stderr]                                  at /rustc/881c1ac408d93bb7adaa3a51dabab9266e82eee8/library/std/src/../../backtrace/src/backtrace/mod.rs:66:5
[INFO] [stderr]      2:     0x5584da094ac0 - std::sys_common::backtrace::_print_fmt::hfbda19e17f6db318
[INFO] [stderr]                                  at /rustc/881c1ac408d93bb7adaa3a51dabab9266e82eee8/library/std/src/sys_common/backtrace.rs:67:5
[INFO] [stderr]      3:     0x5584da094ac0 - <std::sys_common::backtrace::_print::DisplayBacktrace as core::fmt::Display>::fmt::h1a8751bf59281272
[INFO] [stderr]                                  at /rustc/881c1ac408d93bb7adaa3a51dabab9266e82eee8/library/std/src/sys_common/backtrace.rs:46:22
[INFO] [stderr]      4:     0x5584da0b282f - core::fmt::write::h7aa6cd0067dca82a
[INFO] [stderr]                                  at /rustc/881c1ac408d93bb7adaa3a51dabab9266e82eee8/library/core/src/fmt/mod.rs:1094:17
[INFO] [stderr]      5:     0x5584da0925b5 - std::io::Write::write_fmt::hd7dd3a1df9b6befb
[INFO] [stderr]                                  at /rustc/881c1ac408d93bb7adaa3a51dabab9266e82eee8/library/std/src/io/mod.rs:1584:15
[INFO] [stderr]      6:     0x5584da09676b - std::sys_common::backtrace::_print::h551e9ec8a9fa8106
[INFO] [stderr]                                  at /rustc/881c1ac408d93bb7adaa3a51dabab9266e82eee8/library/std/src/sys_common/backtrace.rs:49:5
[INFO] [stderr]      7:     0x5584da09676b - std::sys_common::backtrace::print::ha4b1c5e95fa040b3
[INFO] [stderr]                                  at /rustc/881c1ac408d93bb7adaa3a51dabab9266e82eee8/library/std/src/sys_common/backtrace.rs:36:9
[INFO] [stderr]      8:     0x5584da09676b - std::panicking::default_hook::{{closure}}::h0b34c9ab7fb9f857
[INFO] [stderr]                                  at /rustc/881c1ac408d93bb7adaa3a51dabab9266e82eee8/library/std/src/panicking.rs:208:50
[INFO] [stderr]      9:     0x5584da09624d - std::panicking::default_hook::h3067e8318decd17a
[INFO] [stderr]                                  at /rustc/881c1ac408d93bb7adaa3a51dabab9266e82eee8/library/std/src/panicking.rs:225:9
[INFO] [stderr]     10:     0x5584da096d1d - std::panicking::rust_panic_with_hook::h81b8facc50f34daa
[INFO] [stderr]                                  at /rustc/881c1ac408d93bb7adaa3a51dabab9266e82eee8/library/std/src/panicking.rs:591:17
[INFO] [stderr]     11:     0x5584da0968e7 - std::panicking::begin_panic_handler::{{closure}}::ha376ab85d95a000e
[INFO] [stderr]                                  at /rustc/881c1ac408d93bb7adaa3a51dabab9266e82eee8/library/std/src/panicking.rs:495:13
[INFO] [stderr]     12:     0x5584da094f7c - std::sys_common::backtrace::__rust_end_short_backtrace::h6795c8afdd1a77e6
[INFO] [stderr]                                  at /rustc/881c1ac408d93bb7adaa3a51dabab9266e82eee8/library/std/src/sys_common/backtrace.rs:141:18
[INFO] [stderr]     13:     0x5584da096879 - rust_begin_unwind
[INFO] [stderr]                                  at /rustc/881c1ac408d93bb7adaa3a51dabab9266e82eee8/library/std/src/panicking.rs:493:5
[INFO] [stderr]     14:     0x5584da0711b1 - core::panicking::panic_fmt::hbe99dddd3092ba3c
[INFO] [stderr]                                  at /rustc/881c1ac408d93bb7adaa3a51dabab9266e82eee8/library/core/src/panicking.rs:92:14
[INFO] [stderr]     15:     0x5584da0710fd - core::panicking::panic::h3de4db67bd397eb3
[INFO] [stderr]                                  at /rustc/881c1ac408d93bb7adaa3a51dabab9266e82eee8/library/core/src/panicking.rs:50:5
[INFO] [stderr]     16:     0x5584da07bd5d - build_script_build::run::hecbcf84090623a02
[INFO] [stderr]                                  at /opt/rustwide/cargo-home/registry/src/github.com-1ecc6299db9ec823/liblmdb-sys-0.1.8/build.rs:14:5
[INFO] [stderr]     17:     0x5584da07d1c2 - build_script_build::main::hb39db098359daf09
[INFO] [stderr]                                  at /opt/rustwide/cargo-home/registry/src/github.com-1ecc6299db9ec823/liblmdb-sys-0.1.8/build.rs:104:5
[INFO] [stderr]     18:     0x5584da07ac4b - core::ops::function::FnOnce::call_once::h77b823409ce6b848
[INFO] [stderr]                                  at /rustc/881c1ac408d93bb7adaa3a51dabab9266e82eee8/library/core/src/ops/function.rs:227:5
[INFO] [stderr]     19:     0x5584da0778de - std::sys_common::backtrace::__rust_begin_short_backtrace::h30a817709c57b532
[INFO] [stderr]                                  at /rustc/881c1ac408d93bb7adaa3a51dabab9266e82eee8/library/std/src/sys_common/backtrace.rs:125:18
[INFO] [stderr]     20:     0x5584da080c21 - std::rt::lang_start::{{closure}}::hfc4bc1d3e6042bcf
[INFO] [stderr]                                  at /rustc/881c1ac408d93bb7adaa3a51dabab9266e82eee8/library/std/src/rt.rs:49:18
[INFO] [stderr]     21:     0x5584da09711a - core::ops::function::impls::<impl core::ops::function::FnOnce<A> for &F>::call_once::h3b8c329143d7638a
[INFO] [stderr]                                  at /rustc/881c1ac408d93bb7adaa3a51dabab9266e82eee8/library/core/src/ops/function.rs:259:13
[INFO] [stderr]     22:     0x5584da09711a - std::panicking::try::do_call::h4b72c261b4eefc1b
[INFO] [stderr]                                  at /rustc/881c1ac408d93bb7adaa3a51dabab9266e82eee8/library/std/src/panicking.rs:379:40
[INFO] [stderr]     23:     0x5584da09711a - std::panicking::try::h703d31b7896cbd49
[INFO] [stderr]                                  at /rustc/881c1ac408d93bb7adaa3a51dabab9266e82eee8/library/std/src/panicking.rs:343:19
[INFO] [stderr]     24:     0x5584da09711a - std::panic::catch_unwind::h37cad9b35388a915
[INFO] [stderr]                                  at /rustc/881c1ac408d93bb7adaa3a51dabab9266e82eee8/library/std/src/panic.rs:431:14
[INFO] [stderr]     25:     0x5584da09711a - std::rt::lang_start_internal::hab5a8a909af4f90e
[INFO] [stderr]                                  at /rustc/881c1ac408d93bb7adaa3a51dabab9266e82eee8/library/std/src/rt.rs:34:21
[INFO] [stderr]     26:     0x5584da080c00 - std::rt::lang_start::hb8f6efe20753e31e
[INFO] [stderr]                                  at /rustc/881c1ac408d93bb7adaa3a51dabab9266e82eee8/library/std/src/rt.rs:48:5
[INFO] [stderr]     27:     0x5584da07d81c - main
[INFO] [stderr]     28:     0x7f53eb72e0b3 - __libc_start_main
[INFO] [stderr]     29:     0x5584da0718ae - _start
[INFO] [stderr]     30:                0x0 - <unknown>
[INFO] [stderr] warning: build failed, waiting for other jobs to finish...
[INFO] [stdout] error: aborting due to previous error
[INFO] [stdout] 
[INFO] [stdout] 
[INFO] [stdout] For more information about this error, try `rustc --explain E0642`.
[INFO] [stdout] 
[INFO] [stderr] error: build failed
[INFO] running `Command { std: "docker" "inspect" "60ca5094c1dcfbb75a811816e21943e25f9e23ffc1210f86aed6d2368f870bdb", kill_on_drop: false }`
[INFO] running `Command { std: "docker" "rm" "-f" "60ca5094c1dcfbb75a811816e21943e25f9e23ffc1210f86aed6d2368f870bdb", kill_on_drop: false }`
[INFO] [stdout] 60ca5094c1dcfbb75a811816e21943e25f9e23ffc1210f86aed6d2368f870bdb
